 2*p**2 + 3*p - 2. Calculate v(c).
7
Let x(o) be the second derivative of 1/120*o**6 + 0*o**4 - o - o**2 - 5/6*o**3 + 0 - 1/15*o**5. Let h(c) be the first derivative of x(c). Calculate h(4).
-5
Let p(k) be the third derivative of -k**4/24 + k**3/3 - 20*k**2. What is p(-3)?
5
Let m(t) = -t**3 + 9*t**2 - 8*t + 6. Let d be m(8). Let k(o) = o**2 - 4*o - 5. What is k(d)?
7
Suppose -3*r - 10 = r + 5*n, -n - 2 = 0. Let u(l) = 1 - 5*l - 2 - 3*l**2 + 3*l + r*l. Determine u(-1).
-2
Suppose 0*a + 2*a = 0. Let k(s) = -4*s**2 + 0*s**2 + 4 - 6*s + s**3 + a*s**2. Calculate k(5).
-1
Let r = 6 + -2. Let p be (-7)/2 + 2/r. Let s(h) = h + 4. What is s(p)?
1
Let w(z) = -2*z - 5. Let m(u) = -5*u - 1. Let f be m(-1). Suppose 3*k = -3*v - 9, 5*k + 3 - 33 = f*v. Determine w(v).
5
Let q(u) be the first derivative of -u**5/40 - u**4/4 - u**3/3 - 5. Let w(y) be the third derivative of q(y). What is w(-5)?
9
Let k(m) be the second derivative of -m**3/6 + 11*m**2/2 + 2*m. What is k(0)?
11
Let z(c) be the third derivative of 0*c - 4*c**2 + 2/3*c**3 + 1/24*c**4 + 1/60*c**5 + 0. Calculate z(0).
4
Let t(r) = -3*r - 1. Suppose -114*w + 116*w = -2. Give t(w).
2
Let t(h) = 6*h - 5. Let g(v) = v. Let n(r) = 3*g(r) - t(r). Determine n(4).
-7
Let f(m) be the third derivative of 0*m + 0 - 1/120*m**5 + 1/2*m**3 - m**2 + 0*m**4. Let n(j) be the first derivative of f(j). What is n(-3)?
3
Let p(g) = g**2. Let t(n) = 4*n**2 - 2*n. Let r(o) = -5*p(o) + t(o). Calculate r(-3).
-3
Let p = -149 - -221. Let i = p + -104. Let n be (-88)/i - (-1)/4. Let x(y) = 2*y. Determine x(n).
6
Let q(b) = b**3 - b**2 + b - 1. Let t be ((-11)/(-2) - 3)*-2. Let p be -1*(0 - 7 - 0). Let j = t + p. Determine q(j).
5
Let z(x) be the first derivative of -x**3/3 - 2*x**2 + 5*x - 15. Let c(k) = k**2 - 5*k + 1. Let m = 1 - -2. Let a be c(m). Give z(a).
0
Let x(c) = -c**2 + 2*c + 2. Let s be x(2). Suppose -s*k = -3*k + 4. Let j(b) = -b + 4. Calculate j(k).
0
Let h(d) = -2*d + 4 + 3*d + 2*d + 2. Let t be 1/(-4) + (-21)/(-4). Let q(c) = 4*c + 6. Let k(n) = t*h(n) - 4*q(n). What is k(0)?
6
Let u(q) = 2*q**2 - 2*q + 2. Let j be u(3). Let w = 9 - j. Let p(l) = -l**2 - 6*l + 1. Calculate p(w).
6
Let n(a) = -6*a - 1. Let u be (-2)/8 + (-34)/(-8). Let g(t) = -t**3 + 4*t**2 + 1. Let h be g(u). Determine n(h).
-7
Let f(w) be the second derivative of 3*w**5/20 + w**4/6 + 29*w. Determine f(-2).
-16
Let w be (15/(25/5))/(3/4). Let j(y) = y**3 - 4*y**2 + 3*y - 6. Determine j(w).
6
Let g = 4 - 2. Suppose h - 13 = -3*i, -2*h + 3*i - 18 = -g*i. Let w(q) = 3 - q**2 - 4 + h. Give w(-2).
-4
Let i(m) = m**2 - m + 1. Let h(y) = 10*y**2 - 15*y + 1. Let v(b) = 15*b**2 - 23*b + 2. Let p(d) = -8*h(d) + 5*v(d). Let r(g) = 6*i(g) + p(g). What is r(0)?
8
Let j(f) = -f**2 - f. Let d = 4 + -3. Let p(r) = -3*r**2 - 7*r - 4. Let s be 2/5 - (-22)/(-5). Let k(q) = d*p(q) + s*j(q). Give k(4).
0
Let h(t) = 6*t - 5. Let r(v) = -v**2 - 25*v + 21. Let l(d) = 9*h(d) + 2*r(d). Calculate l(2).
-3
Let p(r) = r**2 - 3*r - 7. Let z be (1 + 0 + -3)/1. Suppose -4*k + 16 = u, 6*k - k + 5 = 0. Let d be 95/u - z/8. Calculate p(d).
3
Let i(l) = -2*l - 1. Let w(v) = -4*v**2 - 4*v - 2. Let y be w(-2). Let g be (-34)/y - 4/10. Determine i(g).
-7
Let l(c) = -3*c**2 - c + 1. Suppose -5*u - a = -7, u + a + 3 - 2 = 0. Calculate l(u).
-13
Let v(m) = -m + 7. Let u = 9 + -9. Calculate v(u).
7
Let x(o) = -16*o**3 - 51*o**2 - 24*o - 36. Let q(j) = 3*j**3 + 10*j**2 + 5*j + 7. Let t(p) = 11*q(p) + 2*x(p). Determine t(-7).
5
Let q(y) = 3*y**3 + y - 1. Let h(i) = -i + 11. Let x be h(10). What is q(x)?
3
Let g(k) = k**2 + 1. Suppose -4*y - 3 = -15. Let l be (-3)/9*0 + y. Calculate g(l).
10
Let u(c) = 5*c**3 - 2*c**2 + c - 1. Let i(b) = b**3 - 1. Let l(h) = i(h) - u(h). Give l(1).
-3
Let q(z) be the third derivative of -11*z**5/60 + z**4/12 + z**3/6 + 2*z**2. Give q(-1).
-12
Let k(j) be the second derivative of 1/6*j**3 - 1/12*j**4 - 1/2*j**2 + 0 - 4*j. Calculate k(1).
-1
Let x = -1 + 1. Let y be 0/((-1)/2*2). Let r(w) = 7 - 1 - w**3 + y*w**3 + w**2. Determine r(x).
6
Let q(v) = -2*v - 1. Let z be q(-3). Let i(s) = -s**2 - 6*s - 1. Let c(p) = 6*p**2 + 30*p + 4. Let d(r) = 2*c(r) + 11*i(r). Give d(z).
-8
Suppose -f = 3*n + f + 16, 5*n + 34 = 4*f. Let r(w) = -w**2 - 8*w - 8. What is r(n)?
4
Let w(v) = 4*v + 4. Let q(p) = p. Let n(x) = -3*q(x) + w(x). Suppose 5*a - 19 = 6. Let z be (-2 + a)/(0 + -1). Give n(z).
1
Let q(y) = 2*y - 10. Let h(c) = -3*c + 11. Let g(k) = 4*h(k) + 5*q(k). Let s(t) = 5*t - 4. Let r be s(4). Suppose -x = 3*x + r. Calculate g(x).
2
Let x be (-5)/((-25)/2) + 22/(-5). Let k be (-6)/9 + 5/3. Let p(d) = -5 - d - k - d. Calculate p(x).
2
Let r be (-1)/(-10)*4*5. Let w(b) = b**2 - 2*b + 2. Give w(r).
2
Let g(q) = q**2 + 5*q - 4. Let f be 2/((-8)/(-50)*(-45)/18). What is g(f)?
-4
Let g(b) = 6*b - 4*b**2 - 6*b - 1 - b**3. Give g(-4).
-1
Let g(a) = a**2 - 3*a - 2. Let w be g(3). Let q(h) = -2*h - 2. Calculate q(w).
2
Let j be -4*(22/(-4) - -2). Let i = 20 - j. Let d(h) = h**3 + h**2. Let g(k) = -4*k**3 - 11*k**2 - k - 1. Let l(x) = -5*d(x) - g(x). Give l(i).
7
Let o(s) = s + 5. Let k(t) = -1. Let z be (2/((-2)/1))/(-1). Let j(y) = z*o(y) + 6*k(y). What is j(5)?
4
Let t(y) = 3 - 2*y + y + 11. Determine t(0).
14
Let a(t) be the second derivative of t**6/120 + t**5/15 - t**4/12 - t**3/3 - t**2/2 + 3*t. Let r(c) be the first derivative of a(c). What is r(-4)?
6
Let a(y) = y**3 - 5*y**2 + y + 1. Let s be a(5). Let c be 4/(-6) - (-22)/s. Suppose -5*h = -c*h - 2. Let r(k) = -4*k. Determine r(h).
-4
Let b(c) = -c - 1. Let q(w) = -w - 2. Suppose 4 - 20 = -4*g. Let a(r) = g*b(r) - 3*q(r). Determine a(5).
-3
Let k(q) = -2*q + 2. Let p be ((-6)/(-4))/(6/8). Let w be (-12)/(-1) + (-6)/p. Suppose 0 = 3*z - w - 6. Determine k(z).
-8
Let p(y) = -y**2 + 6*y - 1. Let z(n) = n**3 - 8*n**2 + 2*n - 9. Let q be z(8). Determine p(q).
-8
Let o(w) be the third derivative of 0 + 0*w - 1/3*w**3 + 1/24*w**4 - w**2. What is o(1)?
-1
Let q(j) = -j**2 - 3*j + 1. Suppose 4*l = 2 - 6. Let u be l/(-2)*6 - 2. Let c = -3 - u. Calculate q(c).
-3
Let b(h) be the first derivative of -h**4/4 + h**3/6 - h**2 - 2. Let s(n) be the second derivative of b(n). What is s(1)?
-5
Let b(n) be the third derivative of n**4/24 - 2*n**3 - 3*n**2 + 4*n. What is b(0)?
-12
Let k = 20 - 59/3. Let r(x) be the first derivative of -1/2*x**2 - k*x**3 - 3 + x. Determine r(-3).
-5
Let o = -1 + -4. Let r be (32/(-40))/(2/o). Let n(j) = 2*j**3 - j**2 - 3*j + 2. What is n(r)?
8
Let y(b) = 6*b - 2 + 7*b + 6*b - b**2 - 15*b. Suppose 0 = -4*o + 28 - 8. Determine y(o).
-7
Suppose -4*k - 7 = 1. Let o(h) = 10*h + 3. Determine o(k).
-17
Let x = 30 - 36. Let m(g) = -g**3 - 5*g**2 + 8*g + 5. What is m(x)?
-7
Let v be 10/(-25)*-5*-1. Let q(y) = 3*y - 1. What is q(v)?
-7
Let z = -1 + 3. Let m(u) = -4 - 3 - z*u + 3. Let q be (4 + -7)*2/(0 + 2). What is m(q)?
2
Let n(j) = j + 13. Let c be n(-10). Let v(m) be the second derivative of -1/6*m**c - 4*m + 0 + 3*m**2. Give v(-5).
11
Let l(p) = -p**3 + 0*p**2 - p**2 + 0*p + p. Let t = 14 + -14. Give l(t).
0
Let f(y) = -7 + 3*y**2 + 0*y**2 - 3*y**2 + y**2 + 5*y. Determine f(-6).
-1
Let r(u) = -u**3 + u - 2. Suppose 5*o = -5*q - 25, 5*q + o = -8 - 5. Determine r(q).
4
Let n(w) = -1 + 6 + w + 4. Let f be n(-7). Let p(b) be the first derivative of 3*b**2/2 + 6. Give p(f).
6
Suppose -4*w + 2*b = 3*b - 12, 2*w - 24 = 4*b. Let r(j) = 3*j + 3*j - 2*j - 5 + w. Let o = -1 - 0. Give r(o).
-5
Let u(o) = -5*o**3 - o**2 - 2*o - 8. Let l(b) be the second derivative of -3*b**5/10 - b**4/6 - b**3/6 - 4*b**2 + b. Let n(y) = 6*l(y) - 7*u(y). What is n(-6)?
-4
Suppose 5*t = -u - 20, -5*t + 11 = -u + 31. Let k(h) = 6*h**2 + 4*h + 2. Let n(j) = -5*j**2 - 3*j - 2. Let d(r) = -6*k(r) - 7*n(r). Calculate d(t).
-2
Let z be 69/(-12) - (-2 + (-20)/(-16)). Let x(v) be the first derivative of -v**3/3 - 5*v**2/2 - 2*v + 3. Give x(z).
-2
Let f(h) = -h. Let g(l) = 12*l**2 - 3*l. Let d(t) = 3*f(t) - g(t). What is d(-1)?
-12
Let o(l) = -l**2 - 5*l - 6. Let w be (2/((-8)/4))/(1/5). Give o(w).
-6
Let w(s) be the third derivative of s**5/12 + s**4/24 + s**3/6 - 6*s**2. Give w(-1).
5
Let j(k) = -k**3 + 4*k**2 - 4*k + 3. Let v be j(3). Let c(u) = -2*u. Let r be c(-3). Suppose -w - w - r = v. Let g(a) = a**3 + 4*a**2 + a + 2. Determine g(w).
8